{"id":131,"date":"2016-09-19T10:25:17","date_gmt":"2016-09-19T10:25:17","guid":{"rendered":"https:\/\/laistymo-sistemos.lt\/?page_id=131"},"modified":"2023-03-28T11:21:02","modified_gmt":"2023-03-28T10:21:02","slug":"gallery-cobbles","status":"publish","type":"page","link":"https:\/\/laistymo-sistemos.lt\/?page_id=131","title":{"rendered":"Darb\u0173 galerija"},"content":{"rendered":"<p>[vc_row][vc_column]<div class=\"sc_section\"><div class=\"sc_section_inner\"><h2 class=\"sc_section_title sc_item_title sc_item_title_without_descr\">M\u016bs\u0173 darbai<\/h2><div class=\"sc_section_content_wrap\"><\/div><\/div><\/div>[vc_gallery type=&#8221;image_grid&#8221; images=&#8221;571,569,635,570&#8243; css_animation=&#8221;bounceIn&#8221;][\/vc_column][\/vc_row][vc_row][vc_column][vc_zigzag][vc_separator][vc_video link=&#8221;https:\/\/www.youtube.com\/watch?v=HrN-mMJOBoM&amp;ab_channel=Ithink10&#8243; title=&#8221;Au\u0161ros muziejus, kapiliarinis laistymas ro\u017e\u0117ms&#8221;][\/vc_column][\/vc_row]<\/p>\n","protected":false},"excerpt":{"rendered":"<p>[vc_row][vc_column][vc_gallery type=&#8221;image_grid&#8221; images=&#8221;571,569,635,570&#8243; css_animation=&#8221;bounceIn&#8221;][\/vc_column][\/vc_row][vc_row][vc_column][vc_zigzag][vc_separator][vc_video link=&#8221;https:\/\/www.youtube.com\/watch?v=HrN-mMJOBoM&amp;ab_channel=Ithink10&#8243; title=&#8221;Au\u0161ros muziejus, kapiliarinis laistymas ro\u017e\u0117ms&#8221;][\/vc_column][\/vc_row]<\/p>\n","protected":false},"author":1,"featured_media":0,"parent":0,"menu_order":0,"comment_status":"closed","ping_status":"closed","template":"","meta":[],"_links":{"self":[{"href":"https:\/\/laistymo-sistemos.lt\/index.php?rest_route=\/wp\/v2\/pages\/131"}],"collection":[{"href":"https:\/\/laistymo-sistemos.lt\/index.php?rest_route=\/wp\/v2\/pages"}],"about":[{"href":"https:\/\/laistymo-sistemos.lt\/index.php?rest_route=\/wp\/v2\/types\/page"}],"author":[{"embeddable":true,"href":"https:\/\/laistymo-sistemos.lt\/index.php?rest_route=\/wp\/v2\/users\/1"}],"replies":[{"embeddable":true,"href":"https:\/\/laistymo-sistemos.lt\/index.php?rest_route=%2Fwp%2Fv2%2Fcomments&post=131"}],"version-history":[{"count":9,"href":"https:\/\/laistymo-sistemos.lt\/index.php?rest_route=\/wp\/v2\/pages\/131\/revisions"}],"predecessor-version":[{"id":778,"href":"https:\/\/laistymo-sistemos.lt\/index.php?rest_route=\/wp\/v2\/pages\/131\/revisions\/778"}],"wp:attachment":[{"href":"https:\/\/laistymo-sistemos.lt\/index.php?rest_route=%2Fwp%2Fv2%2Fmedia&parent=131"}],"curies":[{"name":"wp","href":"https:\/\/api.w.org\/{rel}","templated":true}]}}