{"id":215,"date":"2016-09-19T14:16:43","date_gmt":"2016-09-19T14:16:43","guid":{"rendered":"https:\/\/laistymo-sistemos.lt\/?page_id=215"},"modified":"2023-03-28T11:23:30","modified_gmt":"2023-03-28T10:23:30","slug":"our-services","status":"publish","type":"page","link":"https:\/\/laistymo-sistemos.lt\/?page_id=215","title":{"rendered":"M\u016bs\u0173 paslaugos"},"content":{"rendered":"<p>[vc_row][vc_column]<div class=\"sc_section margin_bottom_large\"><div class=\"sc_section_inner\"><h2 class=\"sc_section_title sc_item_title sc_item_title_without_descr\">Visos m\u016bs\u0173 paslaugos<\/h2><h6 class=\"sc_section_subtitle sc_item_subtitle\">Paslaugos:<\/h6><div class=\"sc_section_content_wrap\">[vc_column_text][\/vc_column_text]<div id=\"sc_services_806583563_wrap\" class=\"sc_services_wrap\"><div id=\"sc_services_806583563\" class=\"sc_services sc_services_style_services-6 sc_services_type_images  margin_top_medium aligncenter\" style=\"width:100%;\"><div class=\"sc_columns columns_wrap\"><div class=\"column-1_3 column_padding_bottom\">\t\t\t<div id=\"sc_services_806583563_1\"\t\t\t\tclass=\"sc_services_item sc_services_item_1 odd first\"\n\t\t\t\t>\n\t\t\t\t\t\t\t\t\t<div class=\"sc_services_item_featured post_featured\">\n\t\t\t\t\t\t\t<div class=\"post_thumb\" data-image=\"https:\/\/laistymo-sistemos.lt\/wp-content\/uploads\/2023\/03\/image00002-scaled.jpeg\" data-title=\"Vejos \u012frengimas\">\n\t<a class=\"hover_icon hover_icon_link\" href=\"https:\/\/laistymo-sistemos.lt\/?services=vejos-irengimas\"><img class=\"wp-post-image\" width=\"370\" height=\"209\" alt=\"Vejos \u012frengimas\" src=\"https:\/\/laistymo-sistemos.lt\/wp-content\/uploads\/2023\/03\/image00002-scaled-370x209.jpeg\"><\/a>\t<\/div>\n\t\t\t\t\t\t<\/div>\n\t\t\t\t\t                <div class=\"sc_services_item_content\">\n\t\t\t\t\t<h5 class=\"sc_services_item_title\">Vejos \u012frengimas<\/h5>\t\t\t\t<\/div>\n\n                <div class=\"sc_services_item_description\">\n                    <h5 class=\"sc_services_item_title\"><a href=\"https:\/\/laistymo-sistemos.lt\/?services=vejos-irengimas\">Vejos \u012frengimas<\/a><\/h5><p>Vejos \u012frengimas, prie\u017ei\u016bra.<\/p><a href=\"https:\/\/laistymo-sistemos.lt\/?services=vejos-irengimas\" class=\"sc_button sc_button_round sc_button_style_filled sc_button_size_small\">Skaityti daugiau<\/a>                <\/div>\n\n\t\t\t<\/div>\n\t\t<\/div><div class=\"column-1_3 column_padding_bottom\">\t\t\t<div id=\"sc_services_806583563_2\"\t\t\t\tclass=\"sc_services_item sc_services_item_2 even\"\n\t\t\t\t>\n\t\t\t\t\t\t\t\t\t<div class=\"sc_services_item_featured post_featured\">\n\t\t\t\t\t\t\t<div class=\"post_thumb\" data-image=\"https:\/\/laistymo-sistemos.lt\/wp-content\/uploads\/2023\/03\/The-Best-Robot-Lawn-Mower-Options-1.jpg\" data-title=\"Vejos robotai\">\n\t<a class=\"hover_icon hover_icon_link\" href=\"https:\/\/laistymo-sistemos.lt\/?services=vejos-robotai\"><img class=\"wp-post-image\" width=\"370\" height=\"209\" alt=\"Vejos robotai\" src=\"https:\/\/laistymo-sistemos.lt\/wp-content\/uploads\/2023\/03\/The-Best-Robot-Lawn-Mower-Options-1-370x209.jpg\"><\/a>\t<\/div>\n\t\t\t\t\t\t<\/div>\n\t\t\t\t\t                <div class=\"sc_services_item_content\">\n\t\t\t\t\t<h5 class=\"sc_services_item_title\">Vejos robotai<\/h5>\t\t\t\t<\/div>\n\n                <div class=\"sc_services_item_description\">\n                    <h5 class=\"sc_services_item_title\"><a href=\"https:\/\/laistymo-sistemos.lt\/?services=vejos-robotai\">Vejos robotai<\/a><\/h5><p>Vejos robot\u0173 \u012frengimas, prie\u017ei\u016bra, pagalba.<\/p><a href=\"https:\/\/laistymo-sistemos.lt\/?services=vejos-robotai\" class=\"sc_button sc_button_round sc_button_style_filled sc_button_size_small\">Skaityti daugiau<\/a>                <\/div>\n\n\t\t\t<\/div>\n\t\t<\/div><div class=\"column-1_3 column_padding_bottom\">\t\t\t<div id=\"sc_services_806583563_3\"\t\t\t\tclass=\"sc_services_item sc_services_item_3 odd\"\n\t\t\t\t>\n\t\t\t\t\t\t\t\t\t<div class=\"sc_services_item_featured post_featured\">\n\t\t\t\t\t\t\t<div class=\"post_thumb\" data-image=\"https:\/\/laistymo-sistemos.lt\/wp-content\/uploads\/2016\/09\/service-3.jpg\" data-title=\"Laistymas\">\n\t<a class=\"hover_icon hover_icon_link\" href=\"https:\/\/laistymo-sistemos.lt\/?services=laistymas\"><img class=\"wp-post-image\" width=\"370\" height=\"209\" alt=\"Laistymas\" src=\"https:\/\/laistymo-sistemos.lt\/wp-content\/uploads\/2016\/09\/service-3-370x209.jpg\"><\/a>\t<\/div>\n\t\t\t\t\t\t<\/div>\n\t\t\t\t\t                <div class=\"sc_services_item_content\">\n\t\t\t\t\t<h5 class=\"sc_services_item_title\">Laistymas<\/h5>\t\t\t\t<\/div>\n\n                <div class=\"sc_services_item_description\">\n                    <h5 class=\"sc_services_item_title\"><a href=\"https:\/\/laistymo-sistemos.lt\/?services=laistymas\">Laistymas<\/a><\/h5><p>Laistymas, \u012frengimas, prie\u017eiura. Nuo bre\u017einio iki galinio produkto.<\/p><a href=\"https:\/\/laistymo-sistemos.lt\/?services=laistymas\" class=\"sc_button sc_button_round sc_button_style_filled sc_button_size_small\">Skaityti daugiau<\/a>                <\/div>\n\n\t\t\t<\/div>\n\t\t<\/div><\/div><\/div><!-- \/.sc_services --><\/div><!-- \/.sc_services_wrap --><\/div><\/div><\/div>[\/vc_column][\/vc_row][vc_row][vc_column]<div id=\"sc_call_to_action_789232162\" class=\"sc_call_to_action sc_call_to_action_style_2 sc_call_to_action_align_center\" style=\" background-image:url(https:\/\/laistymo-sistemos.lt\/wp-content\/uploads\/2016\/09\/bg_call_to_action.jpg); width:100%;\"><div class=\"sc_call_to_action_info\"><h2 class=\"sc_call_to_action_title sc_item_title sc_item_title_without_descr\">Gaukite pasi\u016blym\u0105 per kelias darbo dienas!<\/h2><\/div><div class=\"sc_call_to_action_buttons sc_item_buttons\"><div class=\"sc_call_to_action_button sc_item_button\"><a href=\"\/?page_id=210\/\" class=\"sc_button sc_button_round sc_button_style_filled sc_button_size_medium\">Kontaktai<\/a><\/div><\/div><div class=\"drop-shadow\"><\/div><\/div>[\/vc_column][\/vc_row]<\/p>\n","protected":false},"excerpt":{"rendered":"<p>[vc_row][vc_column][\/vc_column][\/vc_row][vc_row][vc_column][\/vc_column][\/vc_row]<\/p>\n","protected":false},"author":1,"featured_media":0,"parent":0,"menu_order":0,"comment_status":"closed","ping_status":"closed","template":"","meta":[],"_links":{"self":[{"href":"https:\/\/laistymo-sistemos.lt\/index.php?rest_route=\/wp\/v2\/pages\/215"}],"collection":[{"href":"https:\/\/laistymo-sistemos.lt\/index.php?rest_route=\/wp\/v2\/pages"}],"about":[{"href":"https:\/\/laistymo-sistemos.lt\/index.php?rest_route=\/wp\/v2\/types\/page"}],"author":[{"embeddable":true,"href":"https:\/\/laistymo-sistemos.lt\/index.php?rest_route=\/wp\/v2\/users\/1"}],"replies":[{"embeddable":true,"href":"https:\/\/laistymo-sistemos.lt\/index.php?rest_route=%2Fwp%2Fv2%2Fcomments&post=215"}],"version-history":[{"count":11,"href":"https:\/\/laistymo-sistemos.lt\/index.php?rest_route=\/wp\/v2\/pages\/215\/revisions"}],"predecessor-version":[{"id":780,"href":"https:\/\/laistymo-sistemos.lt\/index.php?rest_route=\/wp\/v2\/pages\/215\/revisions\/780"}],"wp:attachment":[{"href":"https:\/\/laistymo-sistemos.lt\/index.php?rest_route=%2Fwp%2Fv2%2Fmedia&parent=215"}],"curies":[{"name":"wp","href":"https:\/\/api.w.org\/{rel}","templated":true}]}}